14753
List the prime factors of 9395160.
2, 3, 5, 59, 1327
What are the prime factors of 119265?
3, 5, 7951
List the prime factors of 250165.
5, 50033
What are the prime factors of 15716957?
229, 68633
List the prime factors of 11457.
3, 19, 67
What are the prime factors of 205086?
2, 3, 7, 19, 257
What are the prime factors of 18627574?
2, 7, 1330541
List the prime factors of 807940.
2, 5, 7, 29, 199
List the prime factors of 450570.
2, 3, 5, 23, 653
What are the prime factors of 1135558?
2, 567779
What are the prime factors of 2269180?
2, 5, 23, 4933
What are the prime factors of 281541?
3, 13, 7219
What are the prime factors of 14484?
2, 3, 17, 71
List the prime factors of 7449969.
3, 307, 8089
What are the prime factors of 6261886?
2, 3130943
What are the prime factors of 336090?
2, 3, 5, 17, 659
List the prime factors of 301446.
2, 3, 16747
List the prime factors of 2050314.
2, 3, 7, 48817
List the prime factors of 285105.
3, 5, 83, 229
What are the prime factors of 3094576?
2, 269, 719
What are the prime factors of 398637?
3, 44293
List the prime factors of 9493661.
9493661
What are the prime factors of 3167793?
3, 383, 919
What are the prime factors of 5669581?
19, 298399
List the prime factors of 558089.
7, 61, 1307
List the prime factors of 4503595.
5, 900719
What are the prime factors of 1363145?
5, 7, 17, 29, 79
List the prime factors of 757467.
3, 84163
List the prime factors of 472066.
2, 7, 4817
What are the prime factors of 374392?
2, 53, 883
What are the prime factors of 331262?
2, 17, 9743
List the prime factors of 209203.
209203
What are the prime factors of 1101729?
3, 367243
List the prime factors of 11852089.
11852089
What are the prime factors of 63545?
5, 71, 179
List the prime factors of 191610.
2, 3, 5, 2129
List the prime factors of 472072.
2, 59009
List the prime factors of 3032.
2, 379
What are the prime factors of 266519?
11, 24229
What are the prime factors of 2901576?
2, 3, 120899
What are the prime factors of 2253483?
3, 31, 41, 197
List the prime factors of 1946042.
2, 7, 229, 607
What are the prime factors of 2135672?
2, 7, 11, 3467
List the prime factors of 4093557.
3, 13, 43, 2441
List the prime factors of 973007.
7, 97, 1433
What are the prime factors of 8262065?
5, 7, 59, 4001
List the prime factors of 3840222.
2, 3, 101, 6337
What are the prime factors of 105579?
3, 11731
What are the prime factors of 52294?
2, 11, 2377
What are the prime factors of 53309?
53309
What are the prime factors of 6728683?
13, 43, 12037
List the prime factors of 341722.
2, 61, 2801
List the prime factors of 1667333.
97, 17189
List the prime factors of 34765877.
19, 109, 16787
List the prime factors of 7721441.
7, 13, 61, 107
What are the prime factors of 237616?
2, 14851
List the prime factors of 31526223.
3, 10508741
What are the prime factors of 807437?
719, 1123
List the prime factors of 983809.
983809
List the prime factors of 392002.
2, 13, 15077
What are the prime factors of 5179149?
3, 37, 103, 151
List the prime factors of 1452890.
2, 5, 145289
What are the prime factors of 144410?
2, 5, 7, 2063
What are the prime factors of 1249142?
2, 619, 1009
What are the prime factors of 2294759?
61, 37619
List the prime factors of 21106277.
21106277
List the prime factors of 29937.
3, 17, 587
What are the prime factors of 1012084?
2, 421, 601
What are the prime factors of 42350?
2, 5, 7, 11
List the prime factors of 228018.
2, 3, 7, 61, 89
List the prime factors of 56107.
19, 2953
What are the prime factors of 952940?
2, 5, 29, 31, 53
What are the prime factors of 731703?
3, 7, 34843
What are the prime factors of 12000741?
3, 41, 43, 2269
What are the prime factors of 1011412?
2, 149, 1697
What are the prime factors of 356901?
3, 118967
List the prime factors of 4595966.
2, 2297983
List the prime factors of 270643.
241, 1123
List the prime factors of 849916.
2, 212479
List the prime factors of 1939359.
3, 646453
List the prime factors of 669450.
2, 3, 5, 4463
What are the prime factors of 167393?
167393
List the prime factors of 1304906.
2, 652453
What are the prime factors of 2895274?
2, 151, 9587
What are the prime factors of 110709?
3, 12301
What are the prime factors of 1072492?
2, 268123
What are the prime factors of 1815555?
3, 5, 7, 17291
List the prime factors of 313809.
3, 29, 3607
List the prime factors of 2155870.
2, 5, 215587
What are the prime factors of 2789461?
59, 47279
What are the prime factors of 118281?
3, 89, 443
List the prime factors of 437245.
5, 157, 557
What are the prime factors of 179458?
2, 53, 1693
What are the prime factors of 85543?
131, 653
What are the prime factors of 27191246?
2, 281, 48383
What are the prime factors of 17733296?
2, 7, 22619
List the prime factors of 406583.
406583
List the prime factors of 279217.
31, 9007
What are the prime factors of 132637?
132637
What are the prime factors of 768029?
768029
List the prime factors of 7470681.
3, 2490227
What are the prime factors of 937490?
2, 5, 241, 389
What are the prime factors of 413198?
2, 41, 5039
What are the prime factors of 168352?
2, 5261
List the prime factors of 16607750.
2, 5, 66431
List the prime factors of 5276515.
5, 1055303
What are the prime factors of 212102?
2, 11, 31, 311
List the prime factors of 6056260.
2, 5, 7, 181, 239
What are the prime factors of 22153573?
13, 1704121
What are the prime factors of 156774?
2, 3, 17, 29, 53
List the prime factors of 7353.
3, 19, 43
List the prime factors of 183917.
183917
What are the prime factors of 8592228?
2, 3, 238673
List the prime factors of 4638320.
2, 5, 37, 1567
What are the prime factors of 34983?
3, 13, 23
What are the prime factors of 215157?
3, 71719
What are the prime factors of 1402288?
2, 87643
What are the prime factors of 159911?
159911
What are the prime factors of 130629?
3, 43543
List the prime factors of 21224431.
21224431
What are the prime factors of 427502?
2, 213751
What are the prime factors of 780632?
2, 97579
List the prime factors of 5498712.
2, 3, 25457
What are the prime factors of 302261?
302261
List the prime factors of 28274521.
11, 23, 43, 113
What are the prime factors of 36183627?
3, 467, 8609
What are the prime factors of 2981833?
53, 127, 443
What are the prime factors of 2212466?
2, 1106233
What are the prime factors of 1303950?
2, 3, 5, 8693
What are the prime factors of 198336?
2, 3, 1033
What are the prime factors of 25464721?
25464721
List the prime factors of 986257.
986257
List the prime factors of 79699.
79699
List the prime factors of 161830.
2, 5, 16183
List the prime factors of 164511.
3, 677
List the prime factors of 2083501.
7, 23, 12941
List the prime factors of 6103327.
6103327
What are the prime factors of 1564539?
3, 31, 16823
List the prime factors of 171857.
7, 24551
List the prime factors of 2383633.
7, 340519
What are the prime factors of 1276492?
2, 7, 45589
List the prime factors of 262639.
13, 89, 227
What are the prime factors of 1750489?
13, 19, 373
List the prime factors of 339336.
2, 3, 1571
List the prime factors of 93154.
2, 47, 991
What are the prime factors of 719770?
2, 5, 167, 431
List the prime factors of 5109296.
2, 31, 10301
What are the prime factors of 4758757?
4758757
List the prime factors of 170823.
3, 56941
List the prime factors of 328267.
463, 709
List the prime factors of 17647.
7, 2521
What are the prime factors of 9935179?
421, 23599
List the prime factors of 850221.
3, 17, 5557
List the prime factors of 191677.
191677
List the prime factors of 4821803.
7, 37, 18617
List the prime factors of 758492.
2, 7, 103, 263
List the prime factors of 5375859.
3, 17, 23, 4583
What are the prime factors of 2525317?
397, 6361
List the prime factors of 5262258.
2, 3, 877043
What are the prime factors of 126442?
2, 191, 331
List the prime factors of 414616.
2, 51827
List the prime factors of 247728.
2, 3, 13, 397
List the prime factors of 12249620.
2, 5, 612481
What are the prime factors of 36835930?
2, 5, 67, 54979
List the prime factors of 241669.
67, 3607
What are the prime factors of 377554?
2, 311, 607
List the prime factors of 1265549.
1265549
What are the prime factors of 20219295?
3, 5, 1347953
What are the prime factors of 401170?
2, 5, 7, 11, 521
What are the prime factors of 11591?
67, 173
What